?
5
What is the hundreds digit of 285058?
0
What is the hundred thousands digit of 1736369?
7
What is the ten thousands digit of 24593832?
9
What is the units digit of 27942046?
6
What is the hundreds digit of 65794?
7
What is the tens digit of 958005?
0
What is the ten thousands digit of 12759535?
5
What is the hundred thousands digit of 441897?
4
What is the ten thousands digit of 346856?
4
What is the tens digit of 1104597?
9
What is the ten thousands digit of 213992?
1
What is the hundreds digit of 5008279?
2
What is the units digit of 860992?
2
What is the hundreds digit of 1510130?
1
What is the hundred thousands digit of 10530167?
5
What is the ten thousands digit of 252251?
5
What is the ten thousands digit of 156666?
5
What is the tens digit of 5600600?
0
What is the ten thousands digit of 199322?
9
What is the hundreds digit of 152112?
1
What is the units digit of 13382871?
1
What is the hundreds digit of 1054642?
6
What is the ten thousands digit of 766461?
6
What is the hundred thousands digit of 339081?
3
What is the hundred thousands digit of 2245303?
2
What is the units digit of 7761359?
9
What is the millions digit of 15196019?
5
What is the hundred thousands digit of 2457135?
4
What is the thousands digit of 172308?
2
What is the tens digit of 19599922?
2
What is the hundred thousands digit of 11810532?
8
What is the ten thousands digit of 1983038?
8
What is the hundreds digit of 1737900?
9
What is the millions digit of 5003746?
5
What is the units digit of 56155?
5
What is the thousands digit of 3382006?
2
What is the tens digit of 133560?
6
What is the millions digit of 25316887?
5
What is the hundred thousands digit of 129368?
1
What is the ten thousands digit of 173899?
7
What is the thousands digit of 14830993?
0
What is the hundreds digit of 195615?
6
What is the tens digit of 902452?
5
What is the ten thousands digit of 658863?
5
What is the hundreds digit of 21289?
2
What is the thousands digit of 2844677?
4
What is the units digit of 53368?
8
What is the ten thousands digit of 984832?
8
What is the hundreds digit of 291865?
8
What is the hundred thousands digit of 274608?
2
What is the millions digit of 5468494?
5
What is the units digit of 730358?
8
What is the units digit of 2251452?
2
What is the tens digit of 540936?
3
What is the ten thousands digit of 137414?
3
What is the hundreds digit of 447231?
2
What is the tens digit of 31681512?
1
What is the units digit of 6034716?
6
What is the hundred thousands digit of 121700?
1
What is the units digit of 25735497?
7
What is the units digit of 127064?
4
What is the tens digit of 2958396?
9
What is the hundreds digit of 1729422?
4
What is the ten thousands digit of 328359?
2
What is the thousands digit of 2293739?
3
What is the ten thousands digit of 540016?
4
What is the hundreds digit of 9081984?
9
What is the thousands digit of 19710447?
0
What is the hundred thousands digit of 9620062?
6
What is the tens digit of 69336?
3
What is the thousands digit of 162348?
2
What is the thousands digit of 835172?
5
What is the tens digit of 277708?
0
What is the tens digit of 285879?
7
What is the tens digit of 845949?
4
What is the hundred thousands digit of 377842?
3
What is the units digit of 18426716?
6
What is the thousands digit of 47933?
7
What is the thousands digit of 7531197?
1
What is the hundred thousands digit of 566760?
5
What is the ten thousands digit of 27802046?
0
What is the ten thousands digit of 2774789?
7
What is the thousands digit of 2086126?
6
What is the units digit of 3987839?
9
What is the tens digit of 5048018?
1
What is the millions digit of 6911273?
6
What is the thousands digit of 381846?
1
What is the hundreds digit of 32537?
5
What is the hundred thousands digit of 7449797?
4
What is the tens digit of 3564354?
5
What is the ten thousands digit of 413442?
1
What is the hundred thousands digit of 4661090?
6
What is the units digit of 3383120?
0
What is the ten thousands digit of 533070?
3
What is the millions digit of 2465359?
2
What is the tens digit of 9799371?
7
What is the thousands digit of 19561?
9
What is the thousands digit of 3156255?
6
What is the tens digit of 8681240?
4
What is the hundred thousands digit of 3776310?
7
What is the ten thousands digit of 736209?
3
What is the tens digit of 380661?
6
What is the units digit of 655508?
8
What is the ten thousands digit of 240326?
4
What is the hundred thousands digit of 3775098?
7
What is the hundred thousands digit of 167003?
1
What is the units digit of 17025891?
1
What is the tens digit of 16723260?
6
What is the thousands digit of 1291787?
1
What is the hundred thousands digit of 834600?
8
What is the millions digit of 1517268?
1
What is the tens digit of 10482?
8
What is the ten thousands digit of 1427093?
2
What is the hundreds digit of 368693?
6
What is the hundreds digit of 2317998?
9
What is the millions digit of 13360478?
3
What is the units digit of 1020029?
9
What is the hundred thousands digit of 1339240?
3
What is the ten thousands digit of 325736?
2
What is the thousands digit of 484721?
4
What is the units digit of 13468?
8
What is the units digit of 998631?
1
What is the ten thousands digit of 94334?
9
What is the hundreds digit of 2214525?
5
What is the tens digit of 154823?
2
What is the thousands digit of 129833?
9
What is the hundred thousands digit of 2804582?
8
What is the ten thousands digit of 4261223?
6
What is the units digit of 177373?
3
What is the units digit of 4054594?
4
What is the hundreds digit of 8616067?
0
What is the tens digit of 450017?
1
What is the thousands digit of 423342?
3
What is the hundred thousands digit of 31966416?
9
What is the tens digit of 4867123?
2
What is the ten thousands digit of 7212730?
1
What is the hundreds digit of 6583175?
1
What is the hundreds digit of 6639494?
4
What is the hundreds digit of 523631?
6
What is the hundreds digit of 3967150?
1
What is the thousands digit of 1993309?
3
What is the ten thousands digit of 24897813?
9
What is the ten thousands digit of 3695604?
9
What is the thousands digit of 4065?
4
What is the tens digit of 118043?
4
What is the hundreds digit of 1564104?
1
What is the tens digit of 1189195?
9
What is the tens digit of 179462?
6
What is the tens digit of 20454624?
2
What is the ten thousands digit of 698481?
9
What is the ten thousands digit of 483010?
8
What is the thousands digit of 1227975?
7
What is the tens digit of 458032?
3
What is the ten thousands digit of 61144?
6
What is the hundred thousands digit of 638760?
6
What is the tens digit of 376718?
1
What is the hundreds digit of 3467268?
2
What is the hundred thousands digit of 140717?
1
What is the hundred thousands digit of 901924?
9
What is the ten thousands digit of 803474?
0
What is the millions digit of 2582158?
2
What is the thousands digit of 83816?
3
What is the tens digit of 1404374?
7
What is the tens digit of 469207?
0
What is the hundred thousands digit of 224731?
2
What is the thousands digit of 320187?
0
What is the units digit of 323348?
8
What is the hundred thousands digit of 1004542?
0
What is the hundreds digit of 1794662?
6
What is the tens digit of 3754260?
6
What is the thousands digit of 588165?
8
What is the hundred thousands digit of 397510?
3
What is the millions digit of 5171192?
5
What is the hundred thousands digit of 9912956?
9
What is the millions digit of 1025885?
1
What is the units digit of 402513?
3
What is the millions digit of 1884173?
1
What is the units digit of 2259204?
4
What is the ten thousands digit of 6811516?
1
What is the tens digit of 1447382?
8
What is the ten thousands digit of 105204?
0
What is the thousands digit of 149844?
9
What is the hundreds digit of 909822?
8
What is the units digit of 2307919?
9
What is the hundreds digit of 1998229?
2
What is the hundred thousands digit of 1780528?
7
What is the millions digit of 3566763?
3
What is the hundred thousands digit of 8287300?
2
What is the hundred thousands digit of 9608129?
6
What is the tens digit of 298024?
2
What is the millions digit of 4989520?
4
What is the hundreds digit of 1586571?
5
What is the millions digit of 2665826?
2
What is the units digit of 3764789?
9
What is the hundred thousands digit of 189159?
1
Wha